e the highest common divisor of 1371711 and 2084258.
2321
What is the highest common factor of 1412809 and 11989?
631
Calculate the greatest common factor of 7998 and 1975878.
186
What is the highest common factor of 57067 and 1341?
149
What is the highest common factor of 357630 and 541905?
1365
What is the highest common divisor of 33 and 183971007?
33
What is the greatest common divisor of 9827202 and 356?
178
What is the greatest common factor of 215296 and 85318?
58
What is the greatest common divisor of 1633207 and 2567?
17
What is the greatest common divisor of 37208783 and 19?
19
What is the greatest common divisor of 108779 and 1748555?
899
What is the highest common divisor of 491347 and 261?
29
What is the greatest common divisor of 8709771 and 9296?
581
Calculate the highest common divisor of 454 and 207465061.
227
Calculate the highest common factor of 1 and 35459828.
1
What is the highest common factor of 4121551 and 692889?
3253
What is the greatest common factor of 7530116 and 748?
748
Calculate the greatest common divisor of 94016 and 8475.
113
Calculate the greatest common divisor of 689 and 37880531.
689
Calculate the greatest common divisor of 2514 and 47270742.
2514
What is the highest common divisor of 605 and 52085?
55
Calculate the highest common divisor of 944 and 125879804.
236
Calculate the greatest common divisor of 13496 and 1481893.
7
Calculate the greatest common divisor of 14049724 and 260.
52
What is the highest common divisor of 1152 and 26727552?
1152
Calculate the highest common factor of 947580 and 15000.
60
Calculate the greatest common divisor of 9328 and 655831.
11
What is the highest common factor of 13 and 12792299?
13
Calculate the greatest common factor of 2008600 and 6424.
88
What is the highest common divisor of 13498 and 3633344?
794
Calculate the highest common divisor of 2959 and 470261.
11
What is the highest common factor of 96750806 and 9868?
4934
What is the greatest common factor of 21 and 9020316?
3
What is the highest common factor of 8739815 and 337680?
2345
Calculate the highest common divisor of 5170935 and 13209.
777
Calculate the greatest common divisor of 939735 and 8505.
135
Calculate the greatest common divisor of 98367440 and 1190.
170
Calculate the greatest common factor of 36839 and 496859.
187
What is the greatest common factor of 1042 and 3895517?
521
What is the highest common divisor of 14046 and 3066?
6
What is the greatest common divisor of 3364 and 1146950?
58
What is the greatest common divisor of 5307 and 3197279?
29
What is the highest common factor of 40840975 and 2422?
1211
Calculate the highest common divisor of 1002 and 8868.
6
What is the greatest common divisor of 286067 and 578641?
241
Calculate the highest common factor of 42 and 439096602.
42
What is the highest common factor of 2215020 and 32495?
335
What is the highest common factor of 282 and 1589334?
6
Calculate the highest common factor of 52340 and 8120.
20
Calculate the highest common factor of 243534959 and 158.
79
Calculate the greatest common factor of 465574 and 1310.
262
What is the highest common factor of 10564 and 643115192?
10564
What is the greatest common factor of 4746962230 and 10?
10
What is the greatest common divisor of 17965 and 218105879?
3593
Calculate the greatest common factor of 258301970 and 20.
10
Calculate the highest common factor of 776 and 163916420.
388
Calculate the highest common factor of 57277118 and 1.
1
What is the greatest common divisor of 32606 and 200294?
4658
What is the greatest common factor of 854258 and 56156?
202
Calculate the highest common factor of 21113217 and 324.
81
What is the highest common divisor of 25750 and 830?
10
Calculate the greatest common divisor of 14079 and 13021593.
741
Calculate the greatest common factor of 2600 and 8573.
1
Calculate the highest common divisor of 211199050 and 150.
50
What is the highest common factor of 1775562 and 547?
547
What is the highest common factor of 492 and 37353214?
82
Calculate the greatest common factor of 14220 and 53185.
5
What is the greatest common divisor of 1449 and 27809208?
1449
Calculate the highest common factor of 9246902 and 3766.
14
What is the highest common factor of 1281 and 1812678?
21
Calculate the greatest common factor of 13 and 188872723.
13
What is the highest common factor of 37080 and 504620?
20
Calculate the greatest common factor of 160 and 204236.
4
What is the greatest common factor of 2290914 and 2055?
411
What is the greatest common divisor of 115102600 and 24?
8
Calculate the greatest common divisor of 312 and 150473648.
104
Calculate the greatest common divisor of 1928722 and 20210.
86
What is the greatest common divisor of 16 and 3015429?
1
Calculate the greatest common factor of 12342 and 2798642.
374
Calculate the highest common divisor of 1260828 and 90.
18
Calculate the greatest common factor of 44081560 and 4100.
820
What is the greatest common factor of 1500 and 189427000?
500
Calculate the highest common divisor of 279 and 1350369.
9
Calculate the greatest common factor of 3420940 and 20.
20
Calculate the highest common factor of 704 and 518420496.
176
What is the greatest common factor of 20134881 and 2496?
39
Calculate the greatest common divisor of 2000108 and 16244.
524
Calculate the highest common divisor of 95303 and 2041.
13
Calculate the highest common divisor of 162560437 and 13.
13
Calculate the greatest common divisor of 254490 and 87720.
510
Calculate the highest common factor of 9976 and 68996768.
344
Calculate the highest common factor of 2405 and 20830519.
37
Calculate the greatest common factor of 483 and 3713010.
21
What is the highest common factor of 11360 and 1438886?
142
What is the greatest common factor of 3084858 and 29862?
378
What is the greatest common factor of 43888 and 1888640?
208
What is the greatest common divisor of 6936375 and 255?
15
What is the highest common divisor of 8918 and 190372?
182
What is the greatest common factor of 150 and 1931101350?
150
What is the highest common factor of 380 and 10539200?
20
Calculate the highest common divisor of 9402965 and 22880.
715
Calculate the greatest common factor of 1275 and 74953.
17
Calculate the highest common divisor of 153680 and 737890.
1130
Calculate the greatest common divisor of 20725 and 380511.
829
Calculate the greatest common divisor of 33519720 and 1560.
1560
Calculate the highest common divisor of 8296942 and 18990.
422
What is the highest common factor of 3210 and 635164840?
1070
Calculate the greatest common divisor of 334422 and 1089968.
12386
What is the highest common factor of 115325177 and 341?
341
Calculate the greatest common divisor of 243 and 10427445.
9
What is the highest common divisor of 25316 and 13124?
4
Calculate the highest common factor of 34 and 20186.
2
Calculate the highest common divisor of 849993 and 4160034.
2901
What is the highest common divisor of 6981 and 212550?
39
Calculate the greatest common factor of 57456944 and 5934.
1978
What is the greatest common factor of 6704 and 4190?
838
What is the highest common divisor of 19967 and 23185583?
487
Calculate the highest common divisor of 106159 and 9911.
53
Calculate the highest common factor of 84109396 and 812.
812
What is the highest common factor of 689 and 13234?
13
What is the greatest common divisor of 8 and 637856552?
8
What is the greatest common divisor of 267345 and 206895?
195
What is the greatest common factor of 2666958 and 1302?
42
What is the highest common factor of 77321 and 2941902?
463
Calculate the greatest common divisor of 408 and 26314476.
12
Calculate the greatest common factor of 2937 and 10949403.
267
Calculate the highest common divisor of 2669022 and 666.
18
What is the greatest common divisor of 2370 and 12624042?
474
Calculate the greatest common divisor of 15185294 and 76.
38
What is the greatest common factor of 80229 and 7222317?
1707
What is the highest common divisor of 24 and 421185?
3
Calculate the greatest common divisor of 545 and 15019546.
109
What is the greatest common divisor of 9789 and 1617444?
753
Calculate the highest common factor of 137 and 33787214.
137
What is the greatest common factor of 28248 and 4241688?
264
Calculate the greatest com